{"id":2828,"date":"2025-07-21T10:42:42","date_gmt":"2025-07-21T10:42:42","guid":{"rendered":"https:\/\/www.ustunpetshop.com\/?post_type=product&#038;p=2828"},"modified":"2025-07-21T10:42:42","modified_gmt":"2025-07-21T10:42:42","slug":"reflex-pocket-treats-kedi-odul-mamasi-deri-ve-tuy-bakimi-destekleyici-60-gr","status":"publish","type":"product","link":"https:\/\/www.ustunpetshop.com\/index.php\/urun\/reflex-pocket-treats-kedi-odul-mamasi-deri-ve-tuy-bakimi-destekleyici-60-gr\/","title":{"rendered":"Reflex Pocket Treats Kedi \u00d6d\u00fcl Mamas\u0131 Deri ve T\u00fcy Bak\u0131m\u0131 Destekleyici 60 Gr"},"content":{"rendered":"<p data-start=\"357\" data-end=\"555\"><strong data-start=\"357\" data-end=\"379\">\ud83d\udc3e \u00dcr\u00fcn A\u00e7\u0131klamas\u0131<\/strong><br data-start=\"379\" data-end=\"382\" \/>Reflex Pocket Treats Deri ve T\u00fcy Bak\u0131m\u0131 Destekleyici Kedi \u00d6d\u00fcl Mamas\u0131, 1 ya\u015f ve \u00fczeri kedilerin deri sa\u011fl\u0131\u011f\u0131n\u0131 ve t\u00fcy yap\u0131s\u0131n\u0131 desteklemek i\u00e7in \u00f6zel olarak geli\u015ftirilmi\u015ftir:<\/p>\n<ul data-start=\"557\" data-end=\"994\">\n<li data-start=\"557\" data-end=\"642\">\n<p data-start=\"559\" data-end=\"642\">Sa\u011fl\u0131kl\u0131 deri ve parlak t\u00fcy olu\u015fumunu destekleyen Omega 3 &amp; 6 ya\u011f asitleri i\u00e7erir<\/p>\n<\/li>\n<li data-start=\"643\" data-end=\"713\">\n<p data-start=\"645\" data-end=\"713\">Vitamin ve minerallerle zenginle\u015ftirilmi\u015f, fonksiyonel \u00f6d\u00fcl mamas\u0131<\/p>\n<\/li>\n<li data-start=\"714\" data-end=\"784\">\n<p data-start=\"716\" data-end=\"784\">\u00c7\u0131t\u0131r d\u0131\u015f kaplama ve yumu\u015fak i\u00e7 dolgu sayesinde y\u00fcksek lezzetlilik<\/p>\n<\/li>\n<li data-start=\"785\" data-end=\"848\">\n<p data-start=\"787\" data-end=\"848\">\u0130lave \u015feker, yapay aroma, renklendirici ve koruyucu i\u00e7ermez<\/p>\n<\/li>\n<li data-start=\"849\" data-end=\"908\">\n<p data-start=\"851\" data-end=\"908\">60\u202fgr\u2019l\u0131k pratik ambalaj ile tazeli\u011fini uzun s\u00fcre korur<\/p>\n<\/li>\n<li data-start=\"909\" data-end=\"994\">\n<p data-start=\"911\" data-end=\"994\">G\u00fcnl\u00fck bak\u0131m rutininin bir par\u00e7as\u0131 olarak ya da \u00f6d\u00fcl mamas\u0131 olarak kullan\u0131labilir<\/p>\n<\/li>\n<\/ul>\n","protected":false},"excerpt":{"rendered":"<p><strong data-start=\"73\" data-end=\"176\">Reflex Pocket Treats Kedi \u00d6d\u00fcl Mamas\u0131 Deri ve T\u00fcy Bak\u0131m\u0131 Destekleyici 60\u202fgr \u2013 Barkod: 8698995031684<\/strong><br data-start=\"176\" data-end=\"179\" \/>Deri ve t\u00fcy sa\u011fl\u0131\u011f\u0131n\u0131 destekleyen \u00f6zel form\u00fcle sahip yumu\u015fak dolgulu kedi \u00f6d\u00fcl\u00fc. Omega ya\u011f asitleri ve vitaminlerle zenginle\u015ftirilmi\u015f, lezzetli ve katk\u0131s\u0131z bir at\u0131\u015ft\u0131rmal\u0131kt\u0131r.<\/p>\n","protected":false},"featured_media":2829,"comment_status":"open","ping_status":"closed","template":"","meta":[],"product_brand":[322],"product_cat":[1088,78],"product_tag":[1238,1235,1231,1236,1234,1237,1226],"class_list":{"0":"post-2828","1":"product","2":"type-product","3":"status-publish","4":"has-post-thumbnail","6":"product_brand-reflex","7":"product_cat-kedi-odul-mamalari","8":"product_cat-vegetables-fruits","9":"product_tag-60gr-reflex-mama","10":"product_tag-deri-ve-tuy-destekli-mama","11":"product_tag-katkisiz-kedi-odul-mamasi","12":"product_tag-omega-destekli-kedi-atistirmaligi","13":"product_tag-reflex-pocket-treats-kedi-odulu","14":"product_tag-vitaminli-kedi-mamasi","15":"product_tag-yumusak-dolgulu-kedi-odulu","17":"first","18":"instock","19":"sale","20":"shipping-taxable","21":"purchasable","22":"product-type-simple"},"_links":{"self":[{"href":"https:\/\/www.ustunpetshop.com\/index.php\/wp-json\/wp\/v2\/product\/2828","targetHints":{"allow":["GET"]}}],"collection":[{"href":"https:\/\/www.ustunpetshop.com\/index.php\/wp-json\/wp\/v2\/product"}],"about":[{"href":"https:\/\/www.ustunpetshop.com\/index.php\/wp-json\/wp\/v2\/types\/product"}],"replies":[{"embeddable":true,"href":"https:\/\/www.ustunpetshop.com\/index.php\/wp-json\/wp\/v2\/comments?post=2828"}],"version-history":[{"count":1,"href":"https:\/\/www.ustunpetshop.com\/index.php\/wp-json\/wp\/v2\/product\/2828\/revisions"}],"predecessor-version":[{"id":2830,"href":"https:\/\/www.ustunpetshop.com\/index.php\/wp-json\/wp\/v2\/product\/2828\/revisions\/2830"}],"wp:featuredmedia":[{"embeddable":true,"href":"https:\/\/www.ustunpetshop.com\/index.php\/wp-json\/wp\/v2\/media\/2829"}],"wp:attachment":[{"href":"https:\/\/www.ustunpetshop.com\/index.php\/wp-json\/wp\/v2\/media?parent=2828"}],"wp:term":[{"taxonomy":"product_brand","embeddable":true,"href":"https:\/\/www.ustunpetshop.com\/index.php\/wp-json\/wp\/v2\/product_brand?post=2828"},{"taxonomy":"product_cat","embeddable":true,"href":"https:\/\/www.ustunpetshop.com\/index.php\/wp-json\/wp\/v2\/product_cat?post=2828"},{"taxonomy":"product_tag","embeddable":true,"href":"https:\/\/www.ustunpetshop.com\/index.php\/wp-json\/wp\/v2\/product_tag?post=2828"}],"curies":[{"name":"wp","href":"https:\/\/api.w.org\/{rel}","templated":true}]}}