{"id":2835,"date":"2025-07-21T10:45:58","date_gmt":"2025-07-21T10:45:58","guid":{"rendered":"https:\/\/www.ustunpetshop.com\/?post_type=product&#038;p=2835"},"modified":"2025-07-21T10:45:58","modified_gmt":"2025-07-21T10:45:58","slug":"reflex-pocket-treats-dental-kedi-odul-mamasi-60gr","status":"publish","type":"product","link":"https:\/\/www.ustunpetshop.com\/index.php\/urun\/reflex-pocket-treats-dental-kedi-odul-mamasi-60gr\/","title":{"rendered":"Reflex Pocket Treats Dental Kedi \u00d6d\u00fcl Mamas\u0131 60gr"},"content":{"rendered":"<p data-start=\"328\" data-end=\"494\"><strong data-start=\"328\" data-end=\"350\">\ud83d\udc3e \u00dcr\u00fcn A\u00e7\u0131klamas\u0131<\/strong><br data-start=\"350\" data-end=\"353\" \/>Reflex Pocket Treats Dental Kedi \u00d6d\u00fcl Mamas\u0131, kedilerin di\u015f ve a\u011f\u0131z sa\u011fl\u0131\u011f\u0131n\u0131 desteklemek i\u00e7in geli\u015ftirilmi\u015f fonksiyonel bir at\u0131\u015ft\u0131rmal\u0131kt\u0131r:<\/p>\n<ul data-start=\"496\" data-end=\"891\">\n<li data-start=\"496\" data-end=\"584\">\n<p data-start=\"498\" data-end=\"584\">\u00c7\u0131t\u0131r d\u0131\u015f kaplamas\u0131 sayesinde di\u015f y\u00fczeyindeki plak olu\u015fumunu azaltmaya yard\u0131mc\u0131 olur<\/p>\n<\/li>\n<li data-start=\"585\" data-end=\"649\">\n<p data-start=\"587\" data-end=\"649\">A\u011f\u0131z kokusunu \u00f6nlemeye destek olan \u00f6zel i\u00e7erikler bar\u0131nd\u0131r\u0131r<\/p>\n<\/li>\n<li data-start=\"650\" data-end=\"709\">\n<p data-start=\"652\" data-end=\"709\">Yumu\u015fak dolgulu i\u00e7 yap\u0131s\u0131yla kedinizin i\u015ftah\u0131n\u0131 art\u0131r\u0131r<\/p>\n<\/li>\n<li data-start=\"710\" data-end=\"767\">\n<p data-start=\"712\" data-end=\"767\">\u015eeker, yapay aroma, koruyucu ve renklendirici i\u00e7ermez<\/p>\n<\/li>\n<li data-start=\"768\" data-end=\"834\">\n<p data-start=\"770\" data-end=\"834\">60\u202fgr\u2019l\u0131k pratik ambalaj\u0131 sayesinde tazeli\u011fini uzun s\u00fcre korur<\/p>\n<\/li>\n<li data-start=\"835\" data-end=\"891\">\n<p data-start=\"837\" data-end=\"891\">G\u00fcnl\u00fck \u00f6d\u00fcl veya bak\u0131m deste\u011fi olarak kullan\u0131labilir<\/p>\n<\/li>\n<\/ul>\n","protected":false},"excerpt":{"rendered":"<p><strong data-start=\"73\" data-end=\"151\">Reflex Pocket Treats Dental Kedi \u00d6d\u00fcl Mamas\u0131 60\u202fgr \u2013 Barkod: 8698995031714<\/strong><br data-start=\"151\" data-end=\"154\" \/>A\u011f\u0131z ve di\u015f sa\u011fl\u0131\u011f\u0131n\u0131 destekleyen \u00f6zel form\u00fcle sahip kedi \u00f6d\u00fcl\u00fc. \u00c7\u0131t\u0131r d\u0131\u015f kaplamas\u0131 sayesinde di\u015f temizli\u011fine yard\u0131mc\u0131 olur, katk\u0131s\u0131z i\u00e7eri\u011fiyle g\u00fcnl\u00fck kullan\u0131ma uygundur.<\/p>\n","protected":false},"featured_media":2836,"comment_status":"open","ping_status":"closed","template":"","meta":[],"product_brand":[322],"product_cat":[1088,78],"product_tag":[1242,1245,1246,1206,1248,1244,1247],"class_list":{"0":"post-2835","1":"product","2":"type-product","3":"status-publish","4":"has-post-thumbnail","6":"product_brand-reflex","7":"product_cat-kedi-odul-mamalari","8":"product_cat-vegetables-fruits","9":"product_tag-60gr-reflex-pocket-treats","10":"product_tag-agiz-ve-dis-sagligi-mama","11":"product_tag-dis-temizleyici-kedi-atistirmaligi","12":"product_tag-katkisiz-odul-mamasi","13":"product_tag-plak-onleyici-kedi-odulu","14":"product_tag-reflex-dental-kedi-odulu","15":"product_tag-yumusak-dolgulu-dental-mama","17":"first","18":"instock","19":"sale","20":"shipping-taxable","21":"purchasable","22":"product-type-simple"},"_links":{"self":[{"href":"https:\/\/www.ustunpetshop.com\/index.php\/wp-json\/wp\/v2\/product\/2835","targetHints":{"allow":["GET"]}}],"collection":[{"href":"https:\/\/www.ustunpetshop.com\/index.php\/wp-json\/wp\/v2\/product"}],"about":[{"href":"https:\/\/www.ustunpetshop.com\/index.php\/wp-json\/wp\/v2\/types\/product"}],"replies":[{"embeddable":true,"href":"https:\/\/www.ustunpetshop.com\/index.php\/wp-json\/wp\/v2\/comments?post=2835"}],"version-history":[{"count":1,"href":"https:\/\/www.ustunpetshop.com\/index.php\/wp-json\/wp\/v2\/product\/2835\/revisions"}],"predecessor-version":[{"id":2837,"href":"https:\/\/www.ustunpetshop.com\/index.php\/wp-json\/wp\/v2\/product\/2835\/revisions\/2837"}],"wp:featuredmedia":[{"embeddable":true,"href":"https:\/\/www.ustunpetshop.com\/index.php\/wp-json\/wp\/v2\/media\/2836"}],"wp:attachment":[{"href":"https:\/\/www.ustunpetshop.com\/index.php\/wp-json\/wp\/v2\/media?parent=2835"}],"wp:term":[{"taxonomy":"product_brand","embeddable":true,"href":"https:\/\/www.ustunpetshop.com\/index.php\/wp-json\/wp\/v2\/product_brand?post=2835"},{"taxonomy":"product_cat","embeddable":true,"href":"https:\/\/www.ustunpetshop.com\/index.php\/wp-json\/wp\/v2\/product_cat?post=2835"},{"taxonomy":"product_tag","embeddable":true,"href":"https:\/\/www.ustunpetshop.com\/index.php\/wp-json\/wp\/v2\/product_tag?post=2835"}],"curies":[{"name":"wp","href":"https:\/\/api.w.org\/{rel}","templated":true}]}}