{"id":3124,"date":"2025-07-25T11:30:55","date_gmt":"2025-07-25T11:30:55","guid":{"rendered":"https:\/\/www.ustunpetshop.com\/?post_type=product&#038;p=3124"},"modified":"2025-07-25T11:30:55","modified_gmt":"2025-07-25T11:30:55","slug":"petigo-cigneme-kemigi-7cm-4lu-natural","status":"publish","type":"product","link":"https:\/\/www.ustunpetshop.com\/index.php\/urun\/petigo-cigneme-kemigi-7cm-4lu-natural\/","title":{"rendered":"Petigo \u00c7i\u011fneme Kemi\u011fi 7cm 4&#8217;l\u00fc Natural"},"content":{"rendered":"<p data-start=\"293\" data-end=\"462\"><strong data-start=\"293\" data-end=\"315\">\ud83d\udc3e \u00dcr\u00fcn A\u00e7\u0131klamas\u0131<\/strong><br data-start=\"315\" data-end=\"318\" \/>Petigo \u00c7i\u011fneme Kemi\u011fi 7\u202fcm 4\u2019l\u00fc Natural, k\u00f6pe\u011finizin hem e\u011flenmesini hem de sa\u011fl\u0131kl\u0131 kalmas\u0131n\u0131 desteklemek i\u00e7in do\u011fal malzemelerle \u00fcretilmi\u015ftir:<\/p>\n<ul data-start=\"464\" data-end=\"737\">\n<li data-start=\"464\" data-end=\"520\">\n<p data-start=\"466\" data-end=\"520\">7\u202fcm uzunluk, k\u00fc\u00e7\u00fck ve minyat\u00fcr \u0131rklar i\u00e7in idealdir<\/p>\n<\/li>\n<li data-start=\"521\" data-end=\"570\">\n<p data-start=\"523\" data-end=\"570\">Do\u011fal ve katk\u0131s\u0131z i\u00e7erik ile g\u00fcvenli kullan\u0131m<\/p>\n<\/li>\n<li data-start=\"571\" data-end=\"623\">\n<p data-start=\"573\" data-end=\"623\">Tartar ve plak olu\u015fumunu azaltmaya yard\u0131mc\u0131 olur<\/p>\n<\/li>\n<li data-start=\"624\" data-end=\"659\">\n<p data-start=\"626\" data-end=\"659\">\u00c7ene ve di\u015f sa\u011fl\u0131\u011f\u0131n\u0131 destekler<\/p>\n<\/li>\n<li data-start=\"660\" data-end=\"698\">\n<p data-start=\"662\" data-end=\"698\">G\u00fcnl\u00fck kemirme ihtiyac\u0131n\u0131 kar\u015f\u0131lar<\/p>\n<\/li>\n<li data-start=\"699\" data-end=\"737\">\n<p data-start=\"701\" data-end=\"737\">4\u2019l\u00fc paket, pratik kullan\u0131m sa\u011flar<\/p>\n<\/li>\n<\/ul>\n","protected":false},"excerpt":{"rendered":"<p><strong data-start=\"73\" data-end=\"149\">Petigo \u00c7i\u011fneme Kemi\u011fi 7\u202fcm 4\u2019l\u00fc Natural\u00a0<\/strong><br data-start=\"149\" data-end=\"152\" \/>Do\u011fal i\u00e7erikli, katk\u0131s\u0131z 4\u2019l\u00fc k\u00f6pek \u00e7i\u011fneme kemi\u011fi. K\u00fc\u00e7\u00fck \u0131rklar i\u00e7in uygun 7\u202fcm boyuyla di\u015f sa\u011fl\u0131\u011f\u0131na ve kemirme ihtiyac\u0131na destek sa\u011flar.<\/p>\n","protected":false},"featured_media":3125,"comment_status":"open","ping_status":"closed","template":"","meta":[],"product_brand":[1699,227],"product_cat":[1692,88,92],"product_tag":[1736,1733,1737,1735,1738,1734,1732],"class_list":{"0":"post-3124","1":"product","2":"type-product","3":"status-publish","4":"has-post-thumbnail","6":"product_brand-cigneme-kemigi","7":"product_brand-petigo","8":"product_cat-cigneme-kemigi","9":"product_cat-vegan-meat","10":"product_cat-odul-mamasi","11":"product_tag-4lu-dogal-cigneme-kemigi","12":"product_tag-7cm-cigneme-kemigi","13":"product_tag-dis-temizligi-icin-kopek-kemigi","14":"product_tag-dogal-kopek-odul-kemigi","15":"product_tag-katkisiz-burgu-kopek-kemigi","16":"product_tag-kucuk-irk-kopek-odulu","17":"product_tag-petigo-natural-kopek-kemigi","19":"first","20":"instock","21":"sale","22":"shipping-taxable","23":"purchasable","24":"product-type-simple"},"_links":{"self":[{"href":"https:\/\/www.ustunpetshop.com\/index.php\/wp-json\/wp\/v2\/product\/3124","targetHints":{"allow":["GET"]}}],"collection":[{"href":"https:\/\/www.ustunpetshop.com\/index.php\/wp-json\/wp\/v2\/product"}],"about":[{"href":"https:\/\/www.ustunpetshop.com\/index.php\/wp-json\/wp\/v2\/types\/product"}],"replies":[{"embeddable":true,"href":"https:\/\/www.ustunpetshop.com\/index.php\/wp-json\/wp\/v2\/comments?post=3124"}],"version-history":[{"count":1,"href":"https:\/\/www.ustunpetshop.com\/index.php\/wp-json\/wp\/v2\/product\/3124\/revisions"}],"predecessor-version":[{"id":3126,"href":"https:\/\/www.ustunpetshop.com\/index.php\/wp-json\/wp\/v2\/product\/3124\/revisions\/3126"}],"wp:featuredmedia":[{"embeddable":true,"href":"https:\/\/www.ustunpetshop.com\/index.php\/wp-json\/wp\/v2\/media\/3125"}],"wp:attachment":[{"href":"https:\/\/www.ustunpetshop.com\/index.php\/wp-json\/wp\/v2\/media?parent=3124"}],"wp:term":[{"taxonomy":"product_brand","embeddable":true,"href":"https:\/\/www.ustunpetshop.com\/index.php\/wp-json\/wp\/v2\/product_brand?post=3124"},{"taxonomy":"product_cat","embeddable":true,"href":"https:\/\/www.ustunpetshop.com\/index.php\/wp-json\/wp\/v2\/product_cat?post=3124"},{"taxonomy":"product_tag","embeddable":true,"href":"https:\/\/www.ustunpetshop.com\/index.php\/wp-json\/wp\/v2\/product_tag?post=3124"}],"curies":[{"name":"wp","href":"https:\/\/api.w.org\/{rel}","templated":true}]}}